is the highest common divisor of 9 and r?
1
Let m(q) = -24*q - 2. Let k be m(1). Let j = 50 + k. What is the highest common factor of j and 6?
6
Suppose 0 = -i + 3 - 0. Suppose -3*b + 5*x - 38 = 0, 6*x - i*x = 12. Let z be b/(-3) - (-11)/1. What is the highest common divisor of z and 52?
13
Let k = 28 + -7. What is the highest common divisor of k and 147?
21
Let g be 9*6*(-1 - -2). Let h be g*(-5)/((-30)/4). Suppose -z + 24 = 2*z + 3*f, 4*f = -4. Calculate the greatest common factor of h and z.
9
Let f be 3/(-12)*-10*2. Suppose f*i + 16 = -4*x, -2*i = -3*x - 0*x + 11. Calculate the highest common divisor of 7 and x.
1
Let y be 6/(-4)*604/(-3). Suppose 2*g + y = -6*u + 2*u, 0 = -u - 3. Let n = g + 265. What is the greatest common divisor of n and 15?
15
Let y(f) = 14*f**3 - 3*f**2 + f + 2. Let o be y(2). Suppose -107 = -4*p - w, -4*w = -3*p - 0*p + o. Calculate the highest common divisor of 70 and p.
14
Let m be (-19)/(-3) - (-5)/(-15). Suppose -69 = 4*i + 5*a, a = 2*i - i + m. Let n = i - -16. What is the highest common factor of n and 2?
1
Let k be 1/((4/49)/4). Suppose -7*c - 3*s = -3*c - 31, 4*c - k = 3*s. What is the highest common divisor of 1 and c?
1
Let p(l) = 5 + 2*l**2 + 2*l - 4*l - 3*l**2 - l. Let j be p(-4). Calculate the highest common factor of j and 1.
1
Let q be 64/12*6/4. Calculate the highest common factor of q and 1.
1
Let n = 101 + -68. Let c = n - 49. Let w = -4 - c. Calculate the greatest common factor of 6 and w.
6
Let l be ((-4)/(-2))/((-2)/(-45)). Suppose 0 = 4*z - z - 18. Let w = z - 1. Calculate the highest common divisor of w and l.
5
Suppose n = -3*t + 34, 4*t + 0*n = n + 43. What is the greatest common factor of t and 77?
11
Let i be (-4)/(-10) - 493/(-5). Calculate the greatest common divisor of i and 11.
11
Suppose -5*c + 3*c = 20. Let h be ((-5)/c)/((-2)/(-96)). Calculate the highest common divisor of 6 and h.
6
Let f be ((-4)/10)/((-2)/190). Let z = f + -2. Let n be (-63)/(-15) - 4/20. Calculate the highest common factor of n and z.
4
Suppose -8 = 2*p - 116. What is the greatest common divisor of 81 and p?
27
Let z be 9/18*(-80)/(-2). Calculate the highest common divisor of 40 and z.
20
Let i be (0 - (-2 + 1)) + (-279)/(-9). Calculate the highest common divisor of 40 and i.
8
Let z = 22 - 3. Let k = 10 - z. Let g be (30/(-9))/(3/k). What is the greatest common factor of 30 and g?
10
Suppose -5 + 21 = 4*r. Let s = -79 + 123. Calculate the greatest common divisor of s and r.
4
Let z = -14 + 28. Let l = z - 9. Suppose -o = o - 3*v - 38, 2*v = -o + l. Calculate the greatest common factor of o and 13.
13
Let y = 25 - 13. Let t(z) = -z**3 + 9*z**2 + 10*z + 6. Let v be t(10). What is the highest common divisor of v and y?
6
Let x = -111 + 157. Let k = x + -26. What is the highest common divisor of k and 220?
20
Let y be 27/36 + 26/8. What is the greatest common factor of y and 16?
4
Let q be (-12)/18*(3 - 18). What is the highest common factor of q and 4?
2
Let i(t) = 3*t**2 - 2*t + 12. Let j be i(4). What is the highest common divisor of 52 and j?
52
Suppose 0 = 2*t - 4*u - 54, -2*t + 41 - 8 = 3*u. Let o = 28 - 14. Calculate the highest common divisor of o and t.
7
Let t be (108/21)/(1/7). Suppose 0 = -2*i + t - 8. Calculate the greatest common factor of 98 and i.
14
Suppose r + 200 = 4*y - 4*r, 213 = 5*y + 3*r. Let c = 54 - 47. Suppose -u + 40 = 3*u + v, 3*u - c = 5*v. What is the highest common factor of u and y?
9
Let g(j) = j**3 - 6*j**2 + 8*j - 6. Let p be g(7). Calculate the greatest common divisor of p and 33.
33
Suppose 7 = 2*s - 29. Let h = 8 - 15. Let l = 5 - h. What is the highest common factor of l and s?
6
Let b(m) = m**2 - 10*m + 9. Let c be b(12). What is the greatest common divisor of 99 and c?
33
Let z(x) = -2 - 10*x + 2*x + 3 - 6*x. Let c be z(-2). What is the greatest common divisor of 29 and c?
29
Suppose s + 3*m - 28 = -0*s, m - 24 = -s. Let n = s - -50. Let r(p) = -3*p - 3. Let b be r(-4). What is the greatest common factor of b and n?
9
Let s be 8 - (2 + 0 + -1). Suppose 213 = 3*j + 24. Calculate the highest common divisor of j and s.
7
Let p(f) = 2*f - 2. Let b(h) = -h. Let c(i) = -3*b(i) - p(i). Let v be c(-1). Calculate the highest common divisor of 2 and v.
1
Let b(m) = -m + 12. Let c be b(9). Suppose -y - c*y + 672 = 0. Suppose -5*d = -y - 112. Calculate the highest common factor of d and 8.
8
Let f = -12 - -66. Suppose 5*s - 19 = 3*c, c - 2*c = -s + 5. Let m be s*3/9*9. What is the greatest common divisor of m and f?
6
Suppose -2*q = -4*q. Suppose q = -0*h - h + 55. What is the greatest common factor of h and 22?
11
Let c(s) = -2*s - 3. Let j be -1*1 + (-1 - 4). Let a be c(j). Let b be (28/(-10) + 2)*-90. What is the highest common factor of b and a?
9
Suppose 5*i = -2*m + 25 + 16, -5*i = -4*m + 37. Suppose m = c - 23. Let b = -16 + c. Calculate the greatest common divisor of b and 4.
4
Let b = -4 - -22. Suppose l + z + 51 = 5*l, -5*z = l - b. What is the greatest common factor of 65 and l?
13
Suppose -2*m = -11 - 231. Suppose 10*y - 15 = 5*y. Let i be m + (-2 + y - 2). Calculate the greatest common factor of 15 and i.
15
Suppose 2*n - 5*n + 18 = 0. Suppose -15 + 0 = -5*a. Calculate the highest common factor of n and a.
3
Suppose 0 = -3*c + 5*x + 38, -c = c + 4*x - 40. What is the highest common divisor of 112 and c?
16
Let r(k) = k**3 - 6*k**2 + 2*k. Let z be r(6). Let m(a) = -10*a + 7. Let t be m(-5). Suppose -3*n = -51 - t. What is the greatest common factor of n and z?
12
Suppose -2*s - m - 75 = -6*s, s - 4*m = 0. Suppose 0 = 5*z + s, -2*o - 5*z = 2*o - 288. What is the greatest common factor of 7 and o?
7
Let x = 56 + -27. Suppose 2*m + v - x = 6*v, 2*m + 5*v - 79 = 0. Calculate the greatest common divisor of m and 3.
3
Let z be (2/6)/(3 - 394/132). What is the greatest common factor of 22 and z?
22
Let s = 33 - -3. Calculate the greatest common factor of s and 324.
36
Suppose -5*q - 109 = -4*i - 21, -61 = -3*i + 5*q. Calculate the highest common divisor of 3 and i.
3
Let k be 5/2*(16 + -2). Let t = 113 - 108. What is the highest common divisor of k and t?
5
Suppose 15 = n + 2*n. Suppose n*f = -19 + 169. Let m be (-141)/(-12) + 1/4. What is the highest common factor of f and m?
6
Let b be (-136)/(-3) - (-1)/(-3). Suppose 1 + 89 = 3*w. Calculate the highest common factor of w and b.
15
Let n(y) = 3*y**2 - 3*y + 9. Let s be n(3). What is the highest common divisor of 27 and s?
27
Let j be (12/(-30))/(1/(-20)). Suppose -g + 17 = -3*a, -3*a + 5 = -j*a. Let t(q) = -42*q. Let u be t(-1). What is the highest common divisor of u and g?
14
Let w be -2*(-3)/(-18)*-87. What is the greatest common divisor of w and 29?
29
Let i(h) = h**3 - 5*h**2. Let y be i(5). Suppose 57 = -y*u + 3*u. What is the highest common divisor of u and 19?
19
Suppose -h - h = -k + 18, 12 = -3*k. Let s be 2 + 0 - 33/h. What is the highest common divisor of 5 and s?
5
Let g(i) = -i + 8. Let w be g(5). Let b be (6/(-4))/((-2)/4). Calculate the highest common divisor of b and w.
3
Suppose 0*b = -b + 2. Suppose b*l - 112 = 3*m, 0 = m + l + 3*l + 42. Let f be -1 + m/(2/(-1)). Calculate the greatest common divisor of f and 45.
9
Let q(l) = -l**2 - 5*l - 3. Let t be q(-3). Let i be (-4 - -2)*-1 + t. Calculate the greatest common factor of i and 15.
5
Suppose -3*u + 19 = -2*n, n - 10 = -5*u - 0*n. Calculate the highest common divisor of 27 and u.
3
Let i be ((-24)/5)/((-15)/100). Suppose 0 = -h - 2*b + 10, -4*h - b = -h - 25. Calculate the greatest common factor of i and h.
8
Let a(f) = 3*f - 3. Let w be a(4). What is the greatest common divisor of 36 and w?
9
Let z be 0 + (0 - -1 - 1). Let s be (-2 - 0) + (-8 - z). Let f = s - -19. Calculate the highest common divisor of 63 and f.
9
Let b be (36/8)/3*2. Calculate the greatest common factor of 3 and b.
3
Let k(n) be the second derivative of n**4/12 - n**3/3 - 6*n. Suppose 3*b + 4 = b. Let c be k(b). What is the highest common divisor of 1 and c?
1
Suppose 2*h + 8 + 0 = r, -8 = 4*h. Suppose r*o - o - 54 = 0. Suppose -5*q + 4*w + 226 + 52 = 0, 0 = -w - 2. What is the highest common divisor of q and o?
18
Suppose j - 1 - 9 = 0. Let h(o) = 3*o**3 - 2*o**2 + 2*o. Let b be h(2). What is the highest common factor of b and j?
10
Let l(t) = -t + 10. Let p be l(6). Let g be (p/(-10